be a(-2). Let u = -83 - -98. Suppose 0*c + 2*j = q*c + 25, -4*c - j = u. Let h(f) = -f**3 - 4*f**2 + 5*f + 4. Determine h(c).
4
Let t(m) = m**3 - 4*m**2 + 5*m - 14. Let y be t(4). Let z be 54/12*(-4)/y. Let h(a) = -a + 2. Let s(u) = -2*u + 2. Let k(l) = -5*h(l) + 4*s(l). Give k(z).
7
Let d(s) = -s**3 - s - 4. Let t = 16 - 14. Suppose t*n = n. Let c be n*((-3)/(-2) - 1). Give d(c).
-4
Let y(b) = 3*b. Let o(k) = -k. Let s(h) = 4*o(h) + y(h). Let w be -1 + 2 - (-1 + 1). Determine s(w).
-1
Let g(p) = -p**3 + 8*p**2 + 8*p + 13. Let v(j) = j**2 + 11*j + 19. Let a be v(-10). Determine g(a).
4
Let m(b) = 2*b**2 - 17*b + 6. Suppose -o + 4*o + 2 = -5*k, o - 4 = -4*k. Let s(n) = n**2 - 8*n + 3. Let t(y) = k*m(y) - 5*s(y). Give t(7).
-10
Let p(d) = 8*d**3 - d**2 + 16*d - 2. Let n(l) = -5*l**3 - 9*l + 1. Let i(v) = -5*n(v) - 3*p(v). Give i(-4).
-3
Let i(n) = -12*n - 6. Suppose 0 = 3*g - 4*r + 15, 10*g = 6*g + 3*r - 13. What is i(g)?
6
Let p(v) = v**3 + 4*v**2 + v + 2. Let y(u) be the first derivative of -4 - 1/2*u**2 + u. Let k be y(5). Calculate p(k).
-2
Let v(d) = -d**3 - 4*d**2 - d + 3. Let f(h) = -h**3 + 12*h**2 + h - 9. Let u be f(12). Let k be 1/(u/3) + 9. Let l be (18/15)/((-3)/k). Give v(l).
7
Let t(k) be the third derivative of 0*k + 0*k**4 + 0 + 0*k**3 + 16*k**2 - 1/30*k**5. Determine t(1).
-2
Let z(u) = 6*u - 15*u + u - 8 + 0*u. What is z(4)?
-40
Let x(d) = d**3 - 4*d**2 + 4*d - 6. Let s(t) = -2*t**3 - 7*t**2 - 3*t - 3. Let l be s(-3). Let q be -6*(4 - (-14)/l). Calculate x(q).
10
Let z(d) be the first derivative of -d**4/4 + 5*d**3/3 - d**2/2 + d - 221. What is z(5)?
-4
Let x(d) be the second derivative of -d**5/20 + 7*d**4/6 + 8*d**3/3 - 9*d**2 + 70*d. What is x(15)?
-3
Let d(k) = k - 17. Let s(m) = -9*m - 18. Let a be s(-3). Give d(a).
-8
Let i(a) = 7*a**2 + 2*a + 3. Let d(u) = -4*u**2 - u - 1. Let y(n) = 5*d(n) + 2*i(n). Let r be 4 - (-2 + (-5 - -7 - -3)). Give y(r).
-6
Let h(w) = 19 - 15 - 6 + w. Calculate h(-5).
-7
Suppose -m = 3*f - 9, 0 = -m + 3*f - 7 - 2. Suppose m*x = -6*x + x. Let k(h) = h**3 + h**2 + 6. Calculate k(x).
6
Let x(a) = -a**3 + 9*a**2 + 11*a - 10. Let b(s) = s**3 - 8*s**2 - 12*s + 10. Let h(y) = -4*b(y) - 3*x(y). What is h(7)?
-3
Let b be (-4)/(-8)*8/2. Suppose -b*m + 8 = -3*w - 6, 5*m - 14 = 4*w. Let z(v) = -v**2 - 3*v + 6. Determine z(w).
-12
Let g = 31 + -35. Suppose -2 - 4 = -2*d. Let t(s) = 6 + d*s - s - 1. Calculate t(g).
-3
Let o be (1 - -2)*(-20)/(-12). Let w(d) = -1 - 4 - 2 + d**3 + 0 + o*d**2 - 8*d. What is w(-6)?
5
Let y(i) be the third derivative of i**7/840 + i**6/180 - i**4/24 + 11*i**3/6 + 3*i**2. Let v(p) be the first derivative of y(p). Calculate v(-3).
-10
Let u be 8/20 - 69/(-15). Suppose 3*m = 12, -3*m = -4*b + 2*m - 12. Let q(d) = -3*d**2 - 4 - 3*d**b + d + u + 7*d**2. What is q(-2)?
3
Let g(h) = 6*h**3 + h**2 - 10*h + 4. Let u(x) = -5*x**3 + 9*x - 3. Let b(t) = -6*g(t) - 7*u(t). Suppose -3*n + 3 + 9 = -3*s, n = -2*s - 11. What is b(s)?
-13
Suppose 3*q + 0*q + 15 = 0. Let w(s) = 9*s**3 + 5*s**2 + 13*s + 11. Let m(u) = 4*u**3 + 3*u**2 + 6*u + 5. Let l(c) = -7*m(c) + 3*w(c). What is l(q)?
-12
Let m(v) = 5*v**3 - 2*v**2 + 2*v - 1. Let l = -18 + 11. Let f be (-2)/l + (-15)/(-21). Give m(f).
4
Let j(l) = l**3 + 6*l**2 - 2. Suppose 3*n - 2*v + 3 = 6*n, 0 = -3*n + 5*v - 18. Suppose -8*x - c = -4*x + 29, -3*x = 5*c + 26. Let r = x - n. Give j(r).
-2
Let i(l) = l**2 - 8*l + 12. Let n = -75 - -85. Determine i(n).
32
Suppose 41 - 5 = -6*p. Let m(q) = -6*q + 3. Let u(b) = -b. Let i(r) = 3*m(r) - 21*u(r). What is i(p)?
-9
Let l(u) = 5*u**2 - 33*u**2 + 2 + 7*u + 8*u - 12*u. Determine l(-1).
-29
Let z(o) = 10*o - 4. Suppose 0 = -2*y - 6 + 2, y + 5 = -g. Give z(g).
-34
Let w(v) = 6*v + 35*v**2 - 16*v**2 - 16*v**2 - 11 - 16*v - 11*v. Calculate w(7).
-11
Let z(g) be the second derivative of -g**3/6 - 2*g**2 - g. Suppose 4*k - 72 = -5*k. Let l be ((-3)/(-3) - -3)*(-10)/k. What is z(l)?
1
Let d(j) = 5*j + 5. Let v(c) = -c**2 - 13*c - 15. Let z be v(-12). Determine d(z).
-10
Let h(y) = 35 - 77 + y + 35. Suppose 0*a - 7*a = 35. Calculate h(a).
-12
Suppose -2*v - 5 = 5*b + 11, -2*v = -4. Let l(x) = -2 + 6*x + x - x. Let m(y) = -5*y + 2. Let g(k) = b*l(k) - 5*m(k). Give g(-3).
-5
Let p(m) be the first derivative of -m**2/2 + 2*m + 86. Let h be -2 - (-1 - -8)*1. Let c = 4 + h. Determine p(c).
7
Let o(j) = 7*j**2 + 2*j - 1. Let g(k) be the second derivative of -2*k**4/3 - k**3/3 + k**2 + 16*k. Let b(s) = -3*g(s) - 4*o(s). What is b(-2)?
-14
Let o(v) = -3*v + 3. Let r(w) = 10*w - 8. Let g(d) = -7*o(d) - 2*r(d). Suppose -64*f + 308 = -36*f. What is g(f)?
6
Let i(x) = -5*x + 4. Let o(p) = -p**2 - p + 1. Let r(q) = -i(q) - 2*o(q). Let z(w) = -5 + 5 - 5*w**2 + 6*w**2. Let t(h) = -r(h) + 3*z(h). What is t(5)?
-4
Let y(c) = -2*c**3 - 27*c**2 + 17*c + 41. Let m be y(-14). Let s(j) = -18*j**2 - 2*j - 1. Give s(m).
-17
Let c be (-1272)/90 - ((-52)/(-60) + -1). Let h(x) = -x**3 - 13*x**2 + 17*x + 6. Calculate h(c).
-36
Suppose -2*s - 5 = t, -3*s + 132*t - 127*t - 40 = 0. Let j(w) be the third derivative of -5/6*w**3 + 0 + 0*w - 2*w**2 - 1/12*w**4. Calculate j(s).
5
Suppose 10*j - 3*s = 6*j - 23, 0 = -j + 3*s - 17. Let b(n) = 4*n**3 + 4*n**2 + 3*n + 1. Calculate b(j).
-21
Let f be -1*(-2 - 2)/2. Let u be (-5)/10 + (-1)/f. Let h(w) = w. What is h(u)?
-1
Let z(f) = f**2 - 11*f + 14. Let g(b) = b**2 - 14*b + 8. Let q be g(0). Calculate z(q).
-10
Let o(v) = -v**3 - 6*v**2 + 1. Suppose -u - 19 = 25. Let p be (-2)/(-3)*(u - 1). Let x = p - -24. Calculate o(x).
1
Let h(y) = -7*y**3 + 2*y**2 - 1. Let b be -3 + (3 + -2 - 1). Let m be 8/(-24) - (-2)/b. Determine h(m).
8
Let k(j) be the second derivative of 0 - 1/20*j**5 + 2*j - 2*j**2 + 1/2*j**3 - 1/6*j**4. Let h be (-7 - -8)*(-6)/2. Give k(h).
-4
Let g(r) be the third derivative of -r**5/24 + r**4/12 - 6*r**3 - 30*r**2. Let m(u) be the first derivative of g(u). Let n be -2 - -1*0/2. Determine m(n).
12
Let y(x) = 12*x**2 - 10*x + 10. Let z(l) = l**2 - l + 1. Let k(d) = -2*y(d) + 22*z(d). Calculate k(-3).
-10
Let s(y) = 19*y - 3. Let b be s(-1). Let p(v) = v**2 + 21*v - 21. Give p(b).
1
Let i be -1 + 12/(-8)*-2. Let w(m) = 6*m + m + m**2 - 1 - 4*m**2 - 4*m. What is w(i)?
-7
Suppose 0*n + 5*n - 20 = 0. Suppose -2*r - 3 = -k, -3*k + n*r = -0*r - 9. Let b(z) = -17*z**2 + 21*z**2 - 1 - z**3 - z + 4. Give b(k).
9
Let a(h) = -h**3 - 4*h**2 + 4*h - 1. Let v be a(-5). Suppose 5*s = -2*t - 15, 1 = -3*t + 2*t + v*s. Let o(u) = 2*u + 5. Determine o(t).
-5
Let l(s) = -s + 6*s + 1 + 5*s - 3*s. Let j(h) = 6*h + 1. Let b(m) = 6*j(m) - 5*l(m). What is b(-6)?
-5
Suppose 3*n = 5*u + 34, -4*u + 0 = -n + 30. Let k(b) = -b**2 - 8*b - 9. Determine k(u).
-9
Suppose 0 = 5*g + 3*t + 89 - 235, -2*g - t = -58. Let a be 8/g - 37/7. Let x(n) = -n**2 - 2*n + 6. What is x(a)?
-9
Let r = 394 - 394. Let p(u) = -u**3 - u**2 - u + 11. Calculate p(r).
11
Let c be ((-1)/(-4))/((-7)/(-56)). Suppose 5*y - 9 = c*y. Let z(l) = -7 - 30*l**2 - l**y + 10*l + 36*l**2 + 1. Determine z(7).
15
Suppose -2*t + 55 = -1. Let c(y) = 8*y - t + 6 - y**2 + 12 + 2. Let o be 1/(-4) - (-25)/4. What is c(o)?
4
Let c(u) = 4*u**2 + 8*u - 7. Let x be c(1). Let k(v) be the first derivative of -v**3/3 + 5*v**2/2 + 6*v - 3. Calculate k(x).
6
Let g(o) be the third derivative of 0 - 12*o**2 + 0*o - 5/6*o**3 - 1/24*o**4. Calculate g(-6).
1
Let w(v) = 3*v - 25. Let o(n) = -5*n + 54. Let m(y) = -6*o(y) - 13*w(y). Calculate m(3).
-26
Let q be 13/(-4)*(-56)/1092. Let w(x) be the third derivative of 0*x + 1/6*x**4 - q*x**3 + 10*x**2 + 0. Determine w(-1).
-5
Suppose 5*t - 9 + 33 = -v, -4*t - 25 = -5*v. Let k(l) = -l**3 + 6*l**2 - 4*l - 5. Let d be k(5). Let n(s) = d - 2 + s + 1. Calculate n(v).
0
Let z(t) = 5*t**3 - 5*t**2 - 5*t - 5. Let f(l) = -14*l**3 + 13*l**2 + 15*l + 16. Let w(d) = 6*f(d) + 17*z(d). Give w(5).
-14
Let f(i) = -i**2 - 7*i + 5. Let u be f(-7). Let y(a) be the third derivative of a**4/12 - a**3/3 + 2*a**2. Give y(u).
8
Let k(a) = -18 + 31 - 10 - 2*a - 2*a. Give k(6).
-21
Let y(c) = -c - 9. Let f(l) be the second derivative of -l**4/12 - 5*l**3/6 - 13*l**2/2 - 7*l. Let a be f(-3). Give y(a).
-2
Let m(p) = p**3 + 2*p**2 - 10*p - 3. Let u be m(-4). Suppose -10 = 5*b + u. Let v(n) = -3*n**2 - 2*n + 1. What is v(b)?
-20
Let d(k) = -k**3 - 10*k**2 - 2*k - 